{"id":9612,"date":"2025-12-18T22:12:06","date_gmt":"2025-12-18T22:12:06","guid":{"rendered":"https:\/\/safabhe.com\/voyages\/?post_type=product&#038;p=9612"},"modified":"2026-01-18T20:25:04","modified_gmt":"2026-01-18T20:25:04","slug":"assistance","status":"publish","type":"product","link":"https:\/\/safabhe.com\/voyages\/produit\/assistance\/","title":{"rendered":"Assistance"},"content":{"rendered":"<p data-path-to-node=\"7\">Simplifiez vos d\u00e9marches administratives avec Safabhe Voyages !<\/p>\n<p data-path-to-node=\"8\">La prise de rendez-vous et la pr\u00e9paration d&rsquo;un dossier de visa peuvent \u00eatre complexes et stressantes. Notre \u00e9quipe d&rsquo;experts met son savoir-faire \u00e0 votre disposition pour vous garantir un dossier conforme aux exigences consulaires.<\/p>\n<p data-path-to-node=\"9\">\n","protected":false},"excerpt":{"rendered":"<p>Simplifiez vos d\u00e9marches administratives avec Safabhe Voyages ! La prise  [&#8230;]<\/p>\n","protected":false},"featured_media":9613,"comment_status":"open","ping_status":"closed","template":"","meta":[],"product_brand":[],"product_cat":[248],"product_tag":[],"class_list":{"0":"post-9612","1":"product","2":"type-product","3":"status-publish","4":"has-post-thumbnail","6":"product_cat-demarches-administratives","8":"first","9":"instock","10":"virtual","11":"taxable","12":"product-type-simple"},"jetpack_sharing_enabled":true,"_links":{"self":[{"href":"https:\/\/safabhe.com\/voyages\/wp-json\/wp\/v2\/product\/9612","targetHints":{"allow":["GET"]}}],"collection":[{"href":"https:\/\/safabhe.com\/voyages\/wp-json\/wp\/v2\/product"}],"about":[{"href":"https:\/\/safabhe.com\/voyages\/wp-json\/wp\/v2\/types\/product"}],"replies":[{"embeddable":true,"href":"https:\/\/safabhe.com\/voyages\/wp-json\/wp\/v2\/comments?post=9612"}],"wp:featuredmedia":[{"embeddable":true,"href":"https:\/\/safabhe.com\/voyages\/wp-json\/wp\/v2\/media\/9613"}],"wp:attachment":[{"href":"https:\/\/safabhe.com\/voyages\/wp-json\/wp\/v2\/media?parent=9612"}],"wp:term":[{"taxonomy":"product_brand","embeddable":true,"href":"https:\/\/safabhe.com\/voyages\/wp-json\/wp\/v2\/product_brand?post=9612"},{"taxonomy":"product_cat","embeddable":true,"href":"https:\/\/safabhe.com\/voyages\/wp-json\/wp\/v2\/product_cat?post=9612"},{"taxonomy":"product_tag","embeddable":true,"href":"https:\/\/safabhe.com\/voyages\/wp-json\/wp\/v2\/product_tag?post=9612"}],"curies":[{"name":"wp","href":"https:\/\/api.w.org\/{rel}","templated":true}]}}