{"id":9193,"date":"2025-10-15T16:31:17","date_gmt":"2025-10-15T16:31:17","guid":{"rendered":"https:\/\/safabhe.com\/voyages\/?post_type=product&#038;p=9193"},"modified":"2026-04-12T16:25:00","modified_gmt":"2026-04-12T16:25:00","slug":"bracelet-ferme-bois-maron","status":"publish","type":"product","link":"https:\/\/safabhe.com\/voyages\/produit\/bracelet-ferme-bois-maron\/","title":{"rendered":"Bracelet-ferme\u0301 Bois-Maron"},"content":{"rendered":"<p class=\"p1\"><span class=\"s1\">D\u00e9couvrez notre bracelet ferm\u00e9 en bois maron, un accessoire unique qui allie \u00e9l\u00e9gance et authenticit\u00e9. Fabriqu\u00e9 \u00e0 partir de bois naturel de haute qualit\u00e9, il offre un toucher agr\u00e9able et un design raffin\u00e9. Son style ferm\u00e9 garantit un ajustement parfait \u00e0 votre poignet, tandis que sa couleur chaleureuse apporte une touche naturelle \u00e0 toutes vos tenues.<\/span><\/p>\n<p class=\"p1\"><span class=\"s1\">Id\u00e9al pour un usage quotidien ou pour offrir en cadeau, ce bracelet est l\u00e9ger, confortable et r\u00e9sistant. Il peut se porter seul ou en accumulation avec d\u2019autres bracelets pour un look personnalis\u00e9 et tendance.<\/span><\/p>\n<p class=\"p1\"><span class=\"s2\">Caract\u00e9ristiques :<\/span><\/p>\n<ul>\n<li>\n<p class=\"p1\"><span class=\"s1\">Mat\u00e9riau : bois maron naturel<\/span><\/p>\n<\/li>\n<li>\n<p class=\"p1\"><span class=\"s1\">Type : bracelet ferm\u00e9<\/span><\/p>\n<\/li>\n<li>\n<p class=\"p1\"><span class=\"s1\">Style : \u00e9l\u00e9gant et naturel<\/span><\/p>\n<\/li>\n<li>\n<p class=\"p1\"><span class=\"s1\">Usage : quotidien, cadeau, accessoires de mode<\/span><\/p>\n<\/li>\n<\/ul>\n","protected":false},"excerpt":{"rendered":"<p class=\"p2\"><span class=\"s1\">Un bracelet ferm\u00e9 en bois maron, \u00e9l\u00e9gant et naturel, parfait pour compl\u00e9ter votre style avec une touche authentique. L\u00e9ger, confortable et adapt\u00e9 \u00e0 toutes les occasions.<\/span><\/p>\n","protected":false},"featured_media":9194,"comment_status":"open","ping_status":"closed","template":"","meta":[],"product_brand":[],"product_cat":[294],"product_tag":[],"class_list":{"0":"post-9193","1":"product","2":"type-product","3":"status-publish","4":"has-post-thumbnail","6":"product_cat-accessoire","8":"first","9":"instock","10":"taxable","11":"shipping-taxable","12":"purchasable","13":"product-type-simple"},"jetpack_sharing_enabled":true,"_links":{"self":[{"href":"https:\/\/safabhe.com\/voyages\/wp-json\/wp\/v2\/product\/9193","targetHints":{"allow":["GET"]}}],"collection":[{"href":"https:\/\/safabhe.com\/voyages\/wp-json\/wp\/v2\/product"}],"about":[{"href":"https:\/\/safabhe.com\/voyages\/wp-json\/wp\/v2\/types\/product"}],"replies":[{"embeddable":true,"href":"https:\/\/safabhe.com\/voyages\/wp-json\/wp\/v2\/comments?post=9193"}],"wp:featuredmedia":[{"embeddable":true,"href":"https:\/\/safabhe.com\/voyages\/wp-json\/wp\/v2\/media\/9194"}],"wp:attachment":[{"href":"https:\/\/safabhe.com\/voyages\/wp-json\/wp\/v2\/media?parent=9193"}],"wp:term":[{"taxonomy":"product_brand","embeddable":true,"href":"https:\/\/safabhe.com\/voyages\/wp-json\/wp\/v2\/product_brand?post=9193"},{"taxonomy":"product_cat","embeddable":true,"href":"https:\/\/safabhe.com\/voyages\/wp-json\/wp\/v2\/product_cat?post=9193"},{"taxonomy":"product_tag","embeddable":true,"href":"https:\/\/safabhe.com\/voyages\/wp-json\/wp\/v2\/product_tag?post=9193"}],"curies":[{"name":"wp","href":"https:\/\/api.w.org\/{rel}","templated":true}]}}