{"id":8287,"date":"2025-05-10T17:40:00","date_gmt":"2025-05-10T17:40:00","guid":{"rendered":"https:\/\/safabhe.com\/voyages\/?post_type=product&#038;p=8287"},"modified":"2026-04-06T08:40:49","modified_gmt":"2026-04-06T08:40:49","slug":"dakar-signature","status":"publish","type":"product","link":"https:\/\/safabhe.com\/voyages\/produit\/dakar-signature\/","title":{"rendered":"Dakar Tour Signature"},"content":{"rendered":"<h3 style=\"text-align: center;\">Les sites \u00e0 visiter<\/h3>\n<div class=\"fusion-tabs fusion-tabs-1 classic nav-is-justified horizontal-tabs icon-position-left mobile-mode-accordion\" style=\"--awb-title-border-radius-top-left:0px;--awb-title-border-radius-top-right:0px;--awb-title-border-radius-bottom-right:0px;--awb-title-border-radius-bottom-left:0px;--awb-title-font-size:16px;--awb-alignment:start;--awb-inactive-color:var(--awb-color2);--awb-background-color:var(--awb-color1);--awb-border-color:var(--awb-color3);--awb-active-border-color:var(--awb-color4);\"><div class=\"nav\"><ul class=\"nav-tabs nav-justified\" role=\"tablist\"><li class=\"active\" role=\"presentation\"><a class=\"tab-link\" data-toggle=\"tab\" role=\"tab\" aria-controls=\"tab-8508fbb7d42f0f62e92\" aria-selected=\"true\" id=\"fusion-tab-\ud83d\uddfflemonumentdelarenaissanceafricaine\" href=\"#tab-8508fbb7d42f0f62e92\"><h4 class=\"fusion-tab-heading\">\ud83d\uddff Le Monument de la Renaissance Africaine<\/h4><\/a><\/li><li role=\"presentation\"><a class=\"tab-link\" data-toggle=\"tab\" role=\"tab\" aria-controls=\"tab-c0a08bdcd3aede6617d\" aria-selected=\"false\" tabindex=\"-1\" id=\"fusion-tab-\ud83d\udd4clamosqu\u00e9edeladivinit\u00e9\" href=\"#tab-c0a08bdcd3aede6617d\"><h4 class=\"fusion-tab-heading\">\ud83d\udd4c La Mosqu\u00e9e de la Divinit\u00e9<\/h4><\/a><\/li><li role=\"presentation\"><a class=\"tab-link\" data-toggle=\"tab\" role=\"tab\" aria-controls=\"tab-510b4b4db4f0d0f1391\" aria-selected=\"false\" tabindex=\"-1\" id=\"fusion-tab-\ud83c\udfa8levillageartisanaldesoumb\u00e9dioune\" href=\"#tab-510b4b4db4f0d0f1391\"><h4 class=\"fusion-tab-heading\">\ud83c\udfa8 Le Village artisanal de Soumb\u00e9dioune<\/h4><\/a><\/li><li role=\"presentation\"><a class=\"tab-link\" data-toggle=\"tab\" role=\"tab\" aria-controls=\"tab-2a311af5419774d87d9\" aria-selected=\"false\" tabindex=\"-1\" id=\"fusion-tab-\ud83d\udecd\ufe0flemarch\u00e9kermel\" href=\"#tab-2a311af5419774d87d9\"><h4 class=\"fusion-tab-heading\">\ud83d\udecd\ufe0f Le March\u00e9 Kermel<\/h4><\/a><\/li><li role=\"presentation\"><a class=\"tab-link\" data-toggle=\"tab\" role=\"tab\" aria-controls=\"tab-662459ad05d7a4cbeea\" aria-selected=\"false\" tabindex=\"-1\" id=\"fusion-tab-\u26ealacath\u00e9draledusouvenirafricain\" href=\"#tab-662459ad05d7a4cbeea\"><h4 class=\"fusion-tab-heading\">\u26ea La Cath\u00e9drale du Souvenir Africain<\/h4><\/a><\/li><li role=\"presentation\"><a class=\"tab-link\" data-toggle=\"tab\" role=\"tab\" aria-controls=\"tab-c533c437a1c9d46f351\" aria-selected=\"false\" tabindex=\"-1\" id=\"fusion-tab-\ud83c\udfdb\ufe0flepalaisdelar\u00e9publique\" href=\"#tab-c533c437a1c9d46f351\"><h4 class=\"fusion-tab-heading\">\ud83c\udfdb\ufe0f Le Palais de la R\u00e9publique<\/h4><\/a><\/li><li role=\"presentation\"><a class=\"tab-link\" data-toggle=\"tab\" role=\"tab\" aria-controls=\"tab-6837007e0b2651bd551\" aria-selected=\"false\" tabindex=\"-1\" id=\"fusion-tab-\ud83c\udfdb\ufe0flemus\u00e9edescivilisationsnoires\" href=\"#tab-6837007e0b2651bd551\"><h4 class=\"fusion-tab-heading\">\ud83c\udfdb\ufe0f Le Mus\u00e9e des Civilisations Noires <\/h4><\/a><\/li><li role=\"presentation\"><a class=\"tab-link\" data-toggle=\"tab\" role=\"tab\" aria-controls=\"tab-db822b76c65ba5dba92\" aria-selected=\"false\" tabindex=\"-1\" id=\"fusion-tab-\ud83d\ude86lagareduter\" href=\"#tab-db822b76c65ba5dba92\"><h4 class=\"fusion-tab-heading\">\ud83d\ude86 La Gare du TER<\/h4><\/a><\/li><\/ul><\/div><div class=\"tab-content\"><div class=\"nav fusion-mobile-tab-nav\"><ul class=\"nav-tabs nav-justified\" role=\"tablist\"><li class=\"active\" role=\"presentation\"><a class=\"tab-link\" data-toggle=\"tab\" role=\"tab\" aria-controls=\"tab-8508fbb7d42f0f62e92\" aria-selected=\"true\" id=\"mobile-fusion-tab-\ud83d\uddfflemonumentdelarenaissanceafricaine\" href=\"#tab-8508fbb7d42f0f62e92\"><h4 class=\"fusion-tab-heading\">\ud83d\uddff Le Monument de la Renaissance Africaine<\/h4><\/a><\/li><\/ul><\/div><div class=\"tab-pane fade fusion-clearfix in active\" role=\"tabpanel\" tabindex=\"0\" aria-labelledby=\"fusion-tab-\ud83d\uddfflemonumentdelarenaissanceafricaine\" id=\"tab-8508fbb7d42f0f62e92\"><\/p>\n<p><img decoding=\"async\" class=\"lazyload alignnone wp-image-7418 \" src=\"https:\/\/safabhe.com\/voyages\/wp-content\/uploads\/2025\/02\/image-3-e1738609256219.png\" data-orig-src=\"https:\/\/safabhe.com\/voyages\/wp-content\/uploads\/2025\/02\/image-3-e1738609256219.png\" alt=\"\" width=\"236\" height=\"236\" srcset=\"data:image\/svg+xml,%3Csvg%20xmlns%3D%27http%3A%2F%2Fwww.w3.org%2F2000%2Fsvg%27%20width%3D%27236%27%20height%3D%27236%27%20viewBox%3D%270%200%20236%20236%27%3E%3Crect%20width%3D%27236%27%20height%3D%27236%27%20fill-opacity%3D%220%22%2F%3E%3C%2Fsvg%3E\" data-srcset=\"https:\/\/safabhe.com\/voyages\/wp-content\/uploads\/2025\/02\/image-3-e1738609256219-66x66.png 66w, https:\/\/safabhe.com\/voyages\/wp-content\/uploads\/2025\/02\/image-3-e1738609256219-150x150.png 150w, https:\/\/safabhe.com\/voyages\/wp-content\/uploads\/2025\/02\/image-3-e1738609256219-200x200.png 200w, https:\/\/safabhe.com\/voyages\/wp-content\/uploads\/2025\/02\/image-3-e1738609256219-300x300.png 300w, https:\/\/safabhe.com\/voyages\/wp-content\/uploads\/2025\/02\/image-3-e1738609256219-400x400.png 400w, https:\/\/safabhe.com\/voyages\/wp-content\/uploads\/2025\/02\/image-3-e1738609256219-600x600.png 600w, https:\/\/safabhe.com\/voyages\/wp-content\/uploads\/2025\/02\/image-3-e1738609256219.png 625w\" data-sizes=\"auto\" data-orig-sizes=\"(max-width: 236px) 100vw, 236px\" \/><\/p>\n<p>Point de d\u00e9part incontournable, cette statue de 52 m\u00e8tres surplombe Dakar et symbolise la libert\u00e9, la r\u00e9silience et l\u2019espoir du continent africain. Accessible de l\u2019int\u00e9rieur jusqu\u2019au sommet, elle offre une vue panoramique imprenable sur l\u2019Atlantique et retrace, \u00e0 travers des expositions, son impressionnante construction.<\/p>\n<p><\/div><div class=\"nav fusion-mobile-tab-nav\"><ul class=\"nav-tabs nav-justified\" role=\"tablist\"><li role=\"presentation\"><a class=\"tab-link\" data-toggle=\"tab\" role=\"tab\" aria-controls=\"tab-c0a08bdcd3aede6617d\" aria-selected=\"false\" tabindex=\"-1\" id=\"mobile-fusion-tab-\ud83d\udd4clamosqu\u00e9edeladivinit\u00e9\" href=\"#tab-c0a08bdcd3aede6617d\"><h4 class=\"fusion-tab-heading\">\ud83d\udd4c La Mosqu\u00e9e de la Divinit\u00e9<\/h4><\/a><\/li><\/ul><\/div><div class=\"tab-pane fade fusion-clearfix\" role=\"tabpanel\" tabindex=\"0\" aria-labelledby=\"fusion-tab-\ud83d\udd4clamosqu\u00e9edeladivinit\u00e9\" id=\"tab-c0a08bdcd3aede6617d\"><\/p>\n<p><img decoding=\"async\" class=\"lazyload alignnone wp-image-8293 \" src=\"https:\/\/safabhe.com\/voyages\/wp-content\/uploads\/2025\/05\/DARKROOM.jpg\" data-orig-src=\"https:\/\/safabhe.com\/voyages\/wp-content\/uploads\/2025\/05\/DARKROOM.jpg\" alt=\"\" width=\"234\" height=\"261\" srcset=\"data:image\/svg+xml,%3Csvg%20xmlns%3D%27http%3A%2F%2Fwww.w3.org%2F2000%2Fsvg%27%20width%3D%27234%27%20height%3D%27261%27%20viewBox%3D%270%200%20234%20261%27%3E%3Crect%20width%3D%27234%27%20height%3D%27261%27%20fill-opacity%3D%220%22%2F%3E%3C%2Fsvg%3E\" data-srcset=\"https:\/\/safabhe.com\/voyages\/wp-content\/uploads\/2025\/05\/DARKROOM-200x223.jpg 200w, https:\/\/safabhe.com\/voyages\/wp-content\/uploads\/2025\/05\/DARKROOM-269x300.jpg 269w, https:\/\/safabhe.com\/voyages\/wp-content\/uploads\/2025\/05\/DARKROOM-400x447.jpg 400w, https:\/\/safabhe.com\/voyages\/wp-content\/uploads\/2025\/05\/DARKROOM-600x670.jpg 600w, https:\/\/safabhe.com\/voyages\/wp-content\/uploads\/2025\/05\/DARKROOM-700x782.jpg 700w, https:\/\/safabhe.com\/voyages\/wp-content\/uploads\/2025\/05\/DARKROOM.jpg 716w\" data-sizes=\"auto\" data-orig-sizes=\"(max-width: 234px) 100vw, 234px\" \/><\/p>\n<p>Dress\u00e9e face \u00e0 l\u2019oc\u00e9an, cette mosqu\u00e9e est connue pour son architecture \u00e9pur\u00e9e et sa localisation unique. Lieu de culte paisible, elle incarne la spiritualit\u00e9 et l\u2019\u00e9l\u00e9gance dans un cadre naturel exceptionnel.<\/p>\n<p><\/div><div class=\"nav fusion-mobile-tab-nav\"><ul class=\"nav-tabs nav-justified\" role=\"tablist\"><li role=\"presentation\"><a class=\"tab-link\" data-toggle=\"tab\" role=\"tab\" aria-controls=\"tab-510b4b4db4f0d0f1391\" aria-selected=\"false\" tabindex=\"-1\" id=\"mobile-fusion-tab-\ud83c\udfa8levillageartisanaldesoumb\u00e9dioune\" href=\"#tab-510b4b4db4f0d0f1391\"><h4 class=\"fusion-tab-heading\">\ud83c\udfa8 Le Village artisanal de Soumb\u00e9dioune<\/h4><\/a><\/li><\/ul><\/div><div class=\"tab-pane fade fusion-clearfix\" role=\"tabpanel\" tabindex=\"0\" aria-labelledby=\"fusion-tab-\ud83c\udfa8levillageartisanaldesoumb\u00e9dioune\" id=\"tab-510b4b4db4f0d0f1391\"><\/p>\n<p><img decoding=\"async\" class=\"lazyload alignnone wp-image-8295 \" src=\"https:\/\/safabhe.com\/voyages\/wp-content\/uploads\/2025\/05\/soumbedioune-3_0.png\" data-orig-src=\"https:\/\/safabhe.com\/voyages\/wp-content\/uploads\/2025\/05\/soumbedioune-3_0.png\" alt=\"\" width=\"279\" height=\"123\" srcset=\"data:image\/svg+xml,%3Csvg%20xmlns%3D%27http%3A%2F%2Fwww.w3.org%2F2000%2Fsvg%27%20width%3D%27279%27%20height%3D%27123%27%20viewBox%3D%270%200%20279%20123%27%3E%3Crect%20width%3D%27279%27%20height%3D%27123%27%20fill-opacity%3D%220%22%2F%3E%3C%2Fsvg%3E\" data-srcset=\"https:\/\/safabhe.com\/voyages\/wp-content\/uploads\/2025\/05\/soumbedioune-3_0-200x88.png 200w, https:\/\/safabhe.com\/voyages\/wp-content\/uploads\/2025\/05\/soumbedioune-3_0-300x132.png 300w, https:\/\/safabhe.com\/voyages\/wp-content\/uploads\/2025\/05\/soumbedioune-3_0-400x177.png 400w, https:\/\/safabhe.com\/voyages\/wp-content\/uploads\/2025\/05\/soumbedioune-3_0-600x265.png 600w, https:\/\/safabhe.com\/voyages\/wp-content\/uploads\/2025\/05\/soumbedioune-3_0-700x309.png 700w, https:\/\/safabhe.com\/voyages\/wp-content\/uploads\/2025\/05\/soumbedioune-3_0-768x339.png 768w, https:\/\/safabhe.com\/voyages\/wp-content\/uploads\/2025\/05\/soumbedioune-3_0.png 800w\" data-sizes=\"auto\" data-orig-sizes=\"(max-width: 279px) 100vw, 279px\" \/><\/p>\n<p>Lieu de vie et d\u2019expression des artisans, on y d\u00e9couvre des \u0153uvres locales : sculptures, peintures, bijoux et objets en cuir. L\u2019endroit id\u00e9al pour ramener un souvenir typiquement s\u00e9n\u00e9galais et \u00e9changer avec les cr\u00e9ateurs.<\/p>\n<p><\/div><div class=\"nav fusion-mobile-tab-nav\"><ul class=\"nav-tabs nav-justified\" role=\"tablist\"><li role=\"presentation\"><a class=\"tab-link\" data-toggle=\"tab\" role=\"tab\" aria-controls=\"tab-2a311af5419774d87d9\" aria-selected=\"false\" tabindex=\"-1\" id=\"mobile-fusion-tab-\ud83d\udecd\ufe0flemarch\u00e9kermel\" href=\"#tab-2a311af5419774d87d9\"><h4 class=\"fusion-tab-heading\">\ud83d\udecd\ufe0f Le March\u00e9 Kermel<\/h4><\/a><\/li><\/ul><\/div><div class=\"tab-pane fade fusion-clearfix\" role=\"tabpanel\" tabindex=\"0\" aria-labelledby=\"fusion-tab-\ud83d\udecd\ufe0flemarch\u00e9kermel\" id=\"tab-2a311af5419774d87d9\"><\/p>\n<p><img decoding=\"async\" class=\"lazyload alignnone wp-image-7079 size-medium\" src=\"https:\/\/safabhe.com\/voyages\/wp-content\/uploads\/2021\/09\/marche_kermel2-300x200.jpg\" data-orig-src=\"https:\/\/safabhe.com\/voyages\/wp-content\/uploads\/2021\/09\/marche_kermel2-300x200.jpg\" alt=\"\" width=\"300\" height=\"200\" srcset=\"data:image\/svg+xml,%3Csvg%20xmlns%3D%27http%3A%2F%2Fwww.w3.org%2F2000%2Fsvg%27%20width%3D%27300%27%20height%3D%27200%27%20viewBox%3D%270%200%20300%20200%27%3E%3Crect%20width%3D%27300%27%20height%3D%27200%27%20fill-opacity%3D%220%22%2F%3E%3C%2Fsvg%3E\" data-srcset=\"https:\/\/safabhe.com\/voyages\/wp-content\/uploads\/2021\/09\/marche_kermel2-300x200.jpg 300w, https:\/\/safabhe.com\/voyages\/wp-content\/uploads\/2021\/09\/marche_kermel2-700x466.jpg 700w, https:\/\/safabhe.com\/voyages\/wp-content\/uploads\/2021\/09\/marche_kermel2-768x511.jpg 768w, https:\/\/safabhe.com\/voyages\/wp-content\/uploads\/2021\/09\/marche_kermel2.jpg 775w\" data-sizes=\"auto\" data-orig-sizes=\"(max-width: 300px) 100vw, 300px\" \/><\/p>\n<p>Un march\u00e9 \u00e0 l\u2019architecture coloniale o\u00f9 les \u00e9tals de fruits, l\u00e9gumes, \u00e9pices, artisanat et produits locaux s\u2019entrem\u00ealent dans une ambiance color\u00e9e et vivante.<\/p>\n<p><\/div><div class=\"nav fusion-mobile-tab-nav\"><ul class=\"nav-tabs nav-justified\" role=\"tablist\"><li role=\"presentation\"><a class=\"tab-link\" data-toggle=\"tab\" role=\"tab\" aria-controls=\"tab-662459ad05d7a4cbeea\" aria-selected=\"false\" tabindex=\"-1\" id=\"mobile-fusion-tab-\u26ealacath\u00e9draledusouvenirafricain\" href=\"#tab-662459ad05d7a4cbeea\"><h4 class=\"fusion-tab-heading\">\u26ea La Cath\u00e9drale du Souvenir Africain<\/h4><\/a><\/li><\/ul><\/div><div class=\"tab-pane fade fusion-clearfix\" role=\"tabpanel\" tabindex=\"0\" aria-labelledby=\"fusion-tab-\u26ealacath\u00e9draledusouvenirafricain\" id=\"tab-662459ad05d7a4cbeea\"><\/p>\n<p><img decoding=\"async\" class=\"lazyload alignnone wp-image-7069 \" src=\"https:\/\/safabhe.com\/voyages\/wp-content\/uploads\/2021\/09\/cathedrale.jpg\" data-orig-src=\"https:\/\/safabhe.com\/voyages\/wp-content\/uploads\/2021\/09\/cathedrale.jpg\" alt=\"\" width=\"288\" height=\"192\" srcset=\"data:image\/svg+xml,%3Csvg%20xmlns%3D%27http%3A%2F%2Fwww.w3.org%2F2000%2Fsvg%27%20width%3D%27288%27%20height%3D%27192%27%20viewBox%3D%270%200%20288%20192%27%3E%3Crect%20width%3D%27288%27%20height%3D%27192%27%20fill-opacity%3D%220%22%2F%3E%3C%2Fsvg%3E\" data-srcset=\"https:\/\/safabhe.com\/voyages\/wp-content\/uploads\/2021\/09\/cathedrale-300x200.jpg 300w, https:\/\/safabhe.com\/voyages\/wp-content\/uploads\/2021\/09\/cathedrale-700x466.jpg 700w, https:\/\/safabhe.com\/voyages\/wp-content\/uploads\/2021\/09\/cathedrale-768x511.jpg 768w, https:\/\/safabhe.com\/voyages\/wp-content\/uploads\/2021\/09\/cathedrale.jpg 775w\" data-sizes=\"auto\" data-orig-sizes=\"(max-width: 288px) 100vw, 288px\" \/><\/p>\n<p>Situ\u00e9e au c\u0153ur du Plateau, cette cath\u00e9drale historique allie style byzantin et influence locale. Lieu de recueillement et d\u2019histoire, elle t\u00e9moigne de la richesse spirituelle de Dakar.<\/p>\n<p><\/div><div class=\"nav fusion-mobile-tab-nav\"><ul class=\"nav-tabs nav-justified\" role=\"tablist\"><li role=\"presentation\"><a class=\"tab-link\" data-toggle=\"tab\" role=\"tab\" aria-controls=\"tab-c533c437a1c9d46f351\" aria-selected=\"false\" tabindex=\"-1\" id=\"mobile-fusion-tab-\ud83c\udfdb\ufe0flepalaisdelar\u00e9publique\" href=\"#tab-c533c437a1c9d46f351\"><h4 class=\"fusion-tab-heading\">\ud83c\udfdb\ufe0f Le Palais de la R\u00e9publique<\/h4><\/a><\/li><\/ul><\/div><div class=\"tab-pane fade fusion-clearfix\" role=\"tabpanel\" tabindex=\"0\" aria-labelledby=\"fusion-tab-\ud83c\udfdb\ufe0flepalaisdelar\u00e9publique\" id=\"tab-c533c437a1c9d46f351\"><\/p>\n<p><img decoding=\"async\" class=\"lazyload alignnone wp-image-7059 \" src=\"https:\/\/safabhe.com\/voyages\/wp-content\/uploads\/2021\/09\/palais.jpg\" data-orig-src=\"https:\/\/safabhe.com\/voyages\/wp-content\/uploads\/2021\/09\/palais.jpg\" alt=\"\" width=\"306\" height=\"204\" srcset=\"data:image\/svg+xml,%3Csvg%20xmlns%3D%27http%3A%2F%2Fwww.w3.org%2F2000%2Fsvg%27%20width%3D%27306%27%20height%3D%27204%27%20viewBox%3D%270%200%20306%20204%27%3E%3Crect%20width%3D%27306%27%20height%3D%27204%27%20fill-opacity%3D%220%22%2F%3E%3C%2Fsvg%3E\" data-srcset=\"https:\/\/safabhe.com\/voyages\/wp-content\/uploads\/2021\/09\/palais-300x200.jpg 300w, https:\/\/safabhe.com\/voyages\/wp-content\/uploads\/2021\/09\/palais-700x466.jpg 700w, https:\/\/safabhe.com\/voyages\/wp-content\/uploads\/2021\/09\/palais-768x511.jpg 768w, https:\/\/safabhe.com\/voyages\/wp-content\/uploads\/2021\/09\/palais.jpg 775w\" data-sizes=\"auto\" data-orig-sizes=\"(max-width: 306px) 100vw, 306px\" \/><\/p>\n<p>R\u00e9sidence officielle du pr\u00e9sident s\u00e9n\u00e9galais, ce b\u00e2timent embl\u00e9matique \u2013 bien qu\u2019inaccessible au public \u2013 reste un point fort du centre-ville et un symbole de la R\u00e9publique.<\/p>\n<p><\/div><div class=\"nav fusion-mobile-tab-nav\"><ul class=\"nav-tabs nav-justified\" role=\"tablist\"><li role=\"presentation\"><a class=\"tab-link\" data-toggle=\"tab\" role=\"tab\" aria-controls=\"tab-6837007e0b2651bd551\" aria-selected=\"false\" tabindex=\"-1\" id=\"mobile-fusion-tab-\ud83c\udfdb\ufe0flemus\u00e9edescivilisationsnoires\" href=\"#tab-6837007e0b2651bd551\"><h4 class=\"fusion-tab-heading\">\ud83c\udfdb\ufe0f Le Mus\u00e9e des Civilisations Noires <\/h4><\/a><\/li><\/ul><\/div><div class=\"tab-pane fade fusion-clearfix\" role=\"tabpanel\" tabindex=\"0\" aria-labelledby=\"fusion-tab-\ud83c\udfdb\ufe0flemus\u00e9edescivilisationsnoires\" id=\"tab-6837007e0b2651bd551\"><\/p>\n<p><img decoding=\"async\" class=\"lazyload alignnone wp-image-7054 size-medium\" src=\"https:\/\/safabhe.com\/voyages\/wp-content\/uploads\/2021\/09\/musee1-300x144.jpg\" data-orig-src=\"https:\/\/safabhe.com\/voyages\/wp-content\/uploads\/2021\/09\/musee1-300x144.jpg\" alt=\"\" width=\"300\" height=\"144\" srcset=\"data:image\/svg+xml,%3Csvg%20xmlns%3D%27http%3A%2F%2Fwww.w3.org%2F2000%2Fsvg%27%20width%3D%27300%27%20height%3D%27144%27%20viewBox%3D%270%200%20300%20144%27%3E%3Crect%20width%3D%27300%27%20height%3D%27144%27%20fill-opacity%3D%220%22%2F%3E%3C%2Fsvg%3E\" data-srcset=\"https:\/\/safabhe.com\/voyages\/wp-content\/uploads\/2021\/09\/musee1-300x144.jpg 300w, https:\/\/safabhe.com\/voyages\/wp-content\/uploads\/2021\/09\/musee1-700x336.jpg 700w, https:\/\/safabhe.com\/voyages\/wp-content\/uploads\/2021\/09\/musee1-768x368.jpg 768w, https:\/\/safabhe.com\/voyages\/wp-content\/uploads\/2021\/09\/musee1-1024x491.jpg 1024w, https:\/\/safabhe.com\/voyages\/wp-content\/uploads\/2021\/09\/musee1-1536x736.jpg 1536w, https:\/\/safabhe.com\/voyages\/wp-content\/uploads\/2021\/09\/musee1.jpg 1800w\" data-sizes=\"auto\" data-orig-sizes=\"(max-width: 300px) 100vw, 300px\" \/><\/p>\n<p><span class=\"relative -mx-px my-&#091;-0.2rem&#093; rounded px-px py-&#091;0.2rem&#093; transition-colors duration-100 ease-in-out\">Inaugur\u00e9 en d\u00e9cembre 2018 \u00e0 Dakar, le Mus\u00e9e des Civilisations Noires (MCN) est une institution culturelle majeure d\u00e9di\u00e9e \u00e0 la valorisation des cultures africaines et de leur diaspora.<\/span> <span class=\"relative -mx-px my-&#091;-0.2rem&#093; rounded px-px py-&#091;0.2rem&#093; transition-colors duration-100 ease-in-out\">Con\u00e7u pour accueillir jusqu\u2019\u00e0 18 000 pi\u00e8ces, il pr\u00e9sente des collections allant des vestiges arch\u00e9ologiques aux \u0153uvres contemporaines, illustrant la richesse et la diversit\u00e9 des civilisations noires.<\/span> <span class=\"relative -mx-px my-&#091;-0.2rem&#093; rounded px-px py-&#091;0.2rem&#093; transition-colors duration-100 ease-in-out\">Son architecture circulaire, inspir\u00e9e des cases traditionnelles \u00e0 impluvium de Casamance, symbolise l\u2019union et la continuit\u00e9 des cultures africaines.<\/span><\/p>\n<p><\/div><div class=\"nav fusion-mobile-tab-nav\"><ul class=\"nav-tabs nav-justified\" role=\"tablist\"><li role=\"presentation\"><a class=\"tab-link\" data-toggle=\"tab\" role=\"tab\" aria-controls=\"tab-db822b76c65ba5dba92\" aria-selected=\"false\" tabindex=\"-1\" id=\"mobile-fusion-tab-\ud83d\ude86lagareduter\" href=\"#tab-db822b76c65ba5dba92\"><h4 class=\"fusion-tab-heading\">\ud83d\ude86 La Gare du TER<\/h4><\/a><\/li><\/ul><\/div><div class=\"tab-pane fade fusion-clearfix\" role=\"tabpanel\" tabindex=\"0\" aria-labelledby=\"fusion-tab-\ud83d\ude86lagareduter\" id=\"tab-db822b76c65ba5dba92\"><\/p>\n<p><img decoding=\"async\" class=\"lazyload alignnone wp-image-8278 size-medium\" src=\"https:\/\/safabhe.com\/voyages\/wp-content\/uploads\/2022\/06\/TRC_0487_xgaplus-300x200.jpg\" data-orig-src=\"https:\/\/safabhe.com\/voyages\/wp-content\/uploads\/2022\/06\/TRC_0487_xgaplus-300x200.jpg\" alt=\"\" width=\"300\" height=\"200\" srcset=\"data:image\/svg+xml,%3Csvg%20xmlns%3D%27http%3A%2F%2Fwww.w3.org%2F2000%2Fsvg%27%20width%3D%27300%27%20height%3D%27200%27%20viewBox%3D%270%200%20300%20200%27%3E%3Crect%20width%3D%27300%27%20height%3D%27200%27%20fill-opacity%3D%220%22%2F%3E%3C%2Fsvg%3E\" data-srcset=\"https:\/\/safabhe.com\/voyages\/wp-content\/uploads\/2022\/06\/TRC_0487_xgaplus-200x133.jpg 200w, https:\/\/safabhe.com\/voyages\/wp-content\/uploads\/2022\/06\/TRC_0487_xgaplus-300x200.jpg 300w, https:\/\/safabhe.com\/voyages\/wp-content\/uploads\/2022\/06\/TRC_0487_xgaplus-400x267.jpg 400w, https:\/\/safabhe.com\/voyages\/wp-content\/uploads\/2022\/06\/TRC_0487_xgaplus-600x400.jpg 600w, https:\/\/safabhe.com\/voyages\/wp-content\/uploads\/2022\/06\/TRC_0487_xgaplus-700x467.jpg 700w, https:\/\/safabhe.com\/voyages\/wp-content\/uploads\/2022\/06\/TRC_0487_xgaplus-768x512.jpg 768w, https:\/\/safabhe.com\/voyages\/wp-content\/uploads\/2022\/06\/TRC_0487_xgaplus-800x533.jpg 800w, https:\/\/safabhe.com\/voyages\/wp-content\/uploads\/2022\/06\/TRC_0487_xgaplus-1024x683.jpg 1024w, https:\/\/safabhe.com\/voyages\/wp-content\/uploads\/2022\/06\/TRC_0487_xgaplus.jpg 1152w\" data-sizes=\"auto\" data-orig-sizes=\"(max-width: 300px) 100vw, 300px\" \/><\/p>\n<p><span class=\"relative -mx-px my-&#091;-0.2rem&#093; rounded px-px py-&#091;0.2rem&#093; transition-colors duration-100 ease-in-out\">Situ\u00e9e dans le quartier historique du Plateau, la Gare du Train Express R\u00e9gional (TER) de Dakar est un symbole de la modernisation des infrastructures de transport du S\u00e9n\u00e9gal.<\/span> <span class=\"relative -mx-px my-&#091;-0.2rem&#093; rounded px-px py-&#091;0.2rem&#093; transition-colors duration-100 ease-in-out\">Inaugur\u00e9e en 2019 apr\u00e8s une r\u00e9novation compl\u00e8te, elle allie patrimoine architectural et technologie contemporaine.<\/span> <span class=\"relative -mx-px my-&#091;-0.2rem&#093; rounded px-px py-&#091;0.2rem&#093; transition-colors duration-100 ease-in-out\">Point de d\u00e9part de la ligne TER reliant Dakar \u00e0 Diamniadio, et prochainement \u00e0 l&rsquo;a\u00e9roport international Blaise Diagne, cette gare facilite les d\u00e9placements quotidiens de milliers de passagers, contribuant ainsi \u00e0 d\u00e9sengorger la capitale.<\/span> <span class=\"relative -mx-px my-&#091;-0.2rem&#093; rounded px-px py-&#091;0.2rem&#093; transition-colors duration-100 ease-in-out\">Avec ses installations modernes et son design respectueux de l&rsquo;histoire, la Gare du TER incarne la volont\u00e9 du S\u00e9n\u00e9gal de conjuguer tradition et progr\u00e8s.<\/span><\/p>\n<p><\/div><\/div><\/div>\n","protected":false},"excerpt":{"rendered":"<p>Parcourez Dakar en une journ\u00e9e \u00e0 la d\u00e9couverte de ses sites les plus embl\u00e9matiques. De la majest\u00e9 du Monument de la Renaissance \u00e0 l\u2019effervescence des march\u00e9s, plongez dans l\u2019histoire, la culture et l\u2019identit\u00e9 de la capitale s\u00e9n\u00e9galaise.<\/p>\n","protected":false},"featured_media":8291,"comment_status":"open","ping_status":"closed","template":"","meta":[],"product_brand":[252],"product_cat":[214],"product_tag":[253,251],"class_list":{"0":"post-8287","1":"product","2":"type-product","3":"status-publish","4":"has-post-thumbnail","6":"product_brand-tourisme","7":"product_cat-circuit-senegal","8":"product_tag-sn","9":"product_tag-une-journee","11":"first","12":"instock","13":"taxable","14":"shipping-taxable","15":"purchasable","16":"product-type-variable"},"jetpack_sharing_enabled":true,"_links":{"self":[{"href":"https:\/\/safabhe.com\/voyages\/wp-json\/wp\/v2\/product\/8287","targetHints":{"allow":["GET"]}}],"collection":[{"href":"https:\/\/safabhe.com\/voyages\/wp-json\/wp\/v2\/product"}],"about":[{"href":"https:\/\/safabhe.com\/voyages\/wp-json\/wp\/v2\/types\/product"}],"replies":[{"embeddable":true,"href":"https:\/\/safabhe.com\/voyages\/wp-json\/wp\/v2\/comments?post=8287"}],"wp:featuredmedia":[{"embeddable":true,"href":"https:\/\/safabhe.com\/voyages\/wp-json\/wp\/v2\/media\/8291"}],"wp:attachment":[{"href":"https:\/\/safabhe.com\/voyages\/wp-json\/wp\/v2\/media?parent=8287"}],"wp:term":[{"taxonomy":"product_brand","embeddable":true,"href":"https:\/\/safabhe.com\/voyages\/wp-json\/wp\/v2\/product_brand?post=8287"},{"taxonomy":"product_cat","embeddable":true,"href":"https:\/\/safabhe.com\/voyages\/wp-json\/wp\/v2\/product_cat?post=8287"},{"taxonomy":"product_tag","embeddable":true,"href":"https:\/\/safabhe.com\/voyages\/wp-json\/wp\/v2\/product_tag?post=8287"}],"curies":[{"name":"wp","href":"https:\/\/api.w.org\/{rel}","templated":true}]}}