{"id":8279,"date":"2025-05-08T20:49:36","date_gmt":"2025-05-08T20:49:36","guid":{"rendered":"https:\/\/safabhe.com\/voyages\/?post_type=product&#038;p=8279"},"modified":"2025-12-31T20:23:02","modified_gmt":"2025-12-31T20:23:02","slug":"nature-entre-parc-hann-et-lac-retba","status":"publish","type":"product","link":"https:\/\/safabhe.com\/voyages\/produit\/nature-entre-parc-hann-et-lac-retba\/","title":{"rendered":"Nature entre Parc Hann et Lac Retba"},"content":{"rendered":"<h3 style=\"text-align: center;\">Les sites \u00e0 visiter<\/h3>\n<div class=\"fusion-tabs fusion-tabs-1 classic nav-is-justified horizontal-tabs icon-position-left mobile-mode-accordion\" style=\"--awb-title-border-radius-top-left:0px;--awb-title-border-radius-top-right:0px;--awb-title-border-radius-bottom-right:0px;--awb-title-border-radius-bottom-left:0px;--awb-title-font-size:16px;--awb-alignment:start;--awb-inactive-color:var(--awb-color2);--awb-background-color:var(--awb-color1);--awb-border-color:var(--awb-color3);--awb-active-border-color:var(--awb-color4);\"><div class=\"nav\"><ul class=\"nav-tabs nav-justified\" role=\"tablist\"><li class=\"active\" role=\"presentation\"><a class=\"tab-link\" data-toggle=\"tab\" role=\"tab\" aria-controls=\"tab-87f8eaeefa90707b898\" aria-selected=\"true\" id=\"fusion-tab-\ud83e\udd81leparcdehann\u2013c\u0153urvertdedakar\" href=\"#tab-87f8eaeefa90707b898\"><h6 class=\"fusion-tab-heading\">\ud83e\udd81 Le Parc de Hann \u2013 C\u0153ur vert de Dakar<\/h6><\/a><\/li><li role=\"presentation\"><a class=\"tab-link\" data-toggle=\"tab\" role=\"tab\" aria-controls=\"tab-3cc80a34194ef3a5165\" aria-selected=\"false\" tabindex=\"-1\" id=\"fusion-tab-\ud83c\udf0alelacrose(lacretba)\u2013aventureet\u00e9merveillement\" href=\"#tab-3cc80a34194ef3a5165\"><h6 class=\"fusion-tab-heading\">\ud83c\udf0a Le Lac Rose (Lac Retba) \u2013 Aventure et \u00e9merveillement<\/h6><\/a><\/li><\/ul><\/div><div class=\"tab-content\"><div class=\"nav fusion-mobile-tab-nav\"><ul class=\"nav-tabs nav-justified\" role=\"tablist\"><li class=\"active\" role=\"presentation\"><a class=\"tab-link\" data-toggle=\"tab\" role=\"tab\" aria-controls=\"tab-87f8eaeefa90707b898\" aria-selected=\"true\" id=\"mobile-fusion-tab-\ud83e\udd81leparcdehann\u2013c\u0153urvertdedakar\" href=\"#tab-87f8eaeefa90707b898\"><h6 class=\"fusion-tab-heading\">\ud83e\udd81 Le Parc de Hann \u2013 C\u0153ur vert de Dakar<\/h6><\/a><\/li><\/ul><\/div><div class=\"tab-pane fade fusion-clearfix in active\" role=\"tabpanel\" tabindex=\"0\" aria-labelledby=\"fusion-tab-\ud83e\udd81leparcdehann\u2013c\u0153urvertdedakar\" id=\"tab-87f8eaeefa90707b898\"><\/p>\n<p><img decoding=\"async\" class=\"lazyload alignnone wp-image-8284 size-full\" src=\"https:\/\/safabhe.com\/voyages\/wp-content\/uploads\/2025\/05\/images-1.jpg\" data-orig-src=\"https:\/\/safabhe.com\/voyages\/wp-content\/uploads\/2025\/05\/images-1.jpg\" alt=\"\" width=\"300\" height=\"168\" srcset=\"data:image\/svg+xml,%3Csvg%20xmlns%3D%27http%3A%2F%2Fwww.w3.org%2F2000%2Fsvg%27%20width%3D%27300%27%20height%3D%27168%27%20viewBox%3D%270%200%20300%20168%27%3E%3Crect%20width%3D%27300%27%20height%3D%27168%27%20fill-opacity%3D%220%22%2F%3E%3C%2Fsvg%3E\" data-srcset=\"https:\/\/safabhe.com\/voyages\/wp-content\/uploads\/2025\/05\/images-1-200x112.jpg 200w, https:\/\/safabhe.com\/voyages\/wp-content\/uploads\/2025\/05\/images-1.jpg 300w\" data-sizes=\"auto\" data-orig-sizes=\"(max-width: 300px) 100vw, 300px\" \/><\/p>\n<p>Situ\u00e9 \u00e0 seulement 6 km du centre-ville, le parc forestier et zoologique de Hann offre un moment de calme au milieu de la nature. C\u2019est un espace riche en biodiversit\u00e9 o\u00f9 cohabitent singes, oiseaux, crocodiles et autres esp\u00e8ces locales. Promenez-vous au c\u0153ur de la for\u00eat tropicale, apprenez-en plus sur la faune africaine et respirez l\u2019air pur en famille ou entre amis.<\/p>\n<p><\/div><div class=\"nav fusion-mobile-tab-nav\"><ul class=\"nav-tabs nav-justified\" role=\"tablist\"><li role=\"presentation\"><a class=\"tab-link\" data-toggle=\"tab\" role=\"tab\" aria-controls=\"tab-3cc80a34194ef3a5165\" aria-selected=\"false\" tabindex=\"-1\" id=\"mobile-fusion-tab-\ud83c\udf0alelacrose(lacretba)\u2013aventureet\u00e9merveillement\" href=\"#tab-3cc80a34194ef3a5165\"><h6 class=\"fusion-tab-heading\">\ud83c\udf0a Le Lac Rose (Lac Retba) \u2013 Aventure et \u00e9merveillement<\/h6><\/a><\/li><\/ul><\/div><div class=\"tab-pane fade fusion-clearfix\" role=\"tabpanel\" tabindex=\"0\" aria-labelledby=\"fusion-tab-\ud83c\udf0alelacrose(lacretba)\u2013aventureet\u00e9merveillement\" id=\"tab-3cc80a34194ef3a5165\"><\/p>\n<p><img decoding=\"async\" class=\"lazyload alignnone wp-image-8283 size-medium\" src=\"https:\/\/safabhe.com\/voyages\/wp-content\/uploads\/2025\/05\/caption-300x200.jpg\" data-orig-src=\"https:\/\/safabhe.com\/voyages\/wp-content\/uploads\/2025\/05\/caption-300x200.jpg\" alt=\"\" width=\"300\" height=\"200\" srcset=\"data:image\/svg+xml,%3Csvg%20xmlns%3D%27http%3A%2F%2Fwww.w3.org%2F2000%2Fsvg%27%20width%3D%27300%27%20height%3D%27200%27%20viewBox%3D%270%200%20300%20200%27%3E%3Crect%20width%3D%27300%27%20height%3D%27200%27%20fill-opacity%3D%220%22%2F%3E%3C%2Fsvg%3E\" data-srcset=\"https:\/\/safabhe.com\/voyages\/wp-content\/uploads\/2025\/05\/caption-200x133.jpg 200w, https:\/\/safabhe.com\/voyages\/wp-content\/uploads\/2025\/05\/caption-300x200.jpg 300w, https:\/\/safabhe.com\/voyages\/wp-content\/uploads\/2025\/05\/caption-400x267.jpg 400w, https:\/\/safabhe.com\/voyages\/wp-content\/uploads\/2025\/05\/caption-600x400.jpg 600w, https:\/\/safabhe.com\/voyages\/wp-content\/uploads\/2025\/05\/caption-700x467.jpg 700w, https:\/\/safabhe.com\/voyages\/wp-content\/uploads\/2025\/05\/caption.jpg 720w\" data-sizes=\"auto\" data-orig-sizes=\"(max-width: 300px) 100vw, 300px\" \/><\/p>\n<p>\u00c0 quelques kilom\u00e8tres de Dakar, d\u00e9couvrez le c\u00e9l\u00e8bre <strong data-start=\"1035\" data-end=\"1047\">Lac Rose<\/strong>, connu pour sa teinte spectaculaire due \u00e0 une forte concentration en sel.<br data-start=\"1121\" data-end=\"1124\" \/>Vivez une exp\u00e9rience unique avec :<br data-start=\"1158\" data-end=\"1161\" \/>\u2714\ufe0f Une balade en <strong data-start=\"1178\" data-end=\"1214\">quad, 4&#215;4 ou \u00e0 dos de dromadaire<\/strong> sur les dunes<br data-start=\"1228\" data-end=\"1231\" \/>\u2714\ufe0f Une travers\u00e9e en <strong data-start=\"1251\" data-end=\"1277\">pirogue traditionnelle<\/strong><br data-start=\"1277\" data-end=\"1280\" \/>\u2714\ufe0f Une visite guid\u00e9e pour comprendre l\u2019origine de sa couleur rose<br data-start=\"1345\" data-end=\"1348\" \/>\u2714\ufe0f Une pause d\u00e9tente au bord de l\u2019Atlantique<\/p>\n<p><\/div><\/div><\/div>\n","protected":false},"excerpt":{"rendered":"<p>Une journ\u00e9e entre nature, aventure et d\u00e9couverte, du parc verdoyant de Hann aux dunes spectaculaires et aux eaux uniques du Lac Rose. Une immersion compl\u00e8te entre faune, for\u00eat, sel et sable !<\/p>\n","protected":false},"featured_media":8286,"comment_status":"open","ping_status":"closed","template":"","meta":[],"product_brand":[252],"product_cat":[214],"product_tag":[253,251],"class_list":{"0":"post-8279","1":"product","2":"type-product","3":"status-publish","4":"has-post-thumbnail","6":"product_brand-tourisme","7":"product_cat-circuit-senegal","8":"product_tag-sn","9":"product_tag-une-journee","11":"first","12":"instock","13":"taxable","14":"shipping-taxable","15":"purchasable","16":"product-type-variable"},"jetpack_sharing_enabled":true,"_links":{"self":[{"href":"https:\/\/safabhe.com\/voyages\/wp-json\/wp\/v2\/product\/8279","targetHints":{"allow":["GET"]}}],"collection":[{"href":"https:\/\/safabhe.com\/voyages\/wp-json\/wp\/v2\/product"}],"about":[{"href":"https:\/\/safabhe.com\/voyages\/wp-json\/wp\/v2\/types\/product"}],"replies":[{"embeddable":true,"href":"https:\/\/safabhe.com\/voyages\/wp-json\/wp\/v2\/comments?post=8279"}],"wp:featuredmedia":[{"embeddable":true,"href":"https:\/\/safabhe.com\/voyages\/wp-json\/wp\/v2\/media\/8286"}],"wp:attachment":[{"href":"https:\/\/safabhe.com\/voyages\/wp-json\/wp\/v2\/media?parent=8279"}],"wp:term":[{"taxonomy":"product_brand","embeddable":true,"href":"https:\/\/safabhe.com\/voyages\/wp-json\/wp\/v2\/product_brand?post=8279"},{"taxonomy":"product_cat","embeddable":true,"href":"https:\/\/safabhe.com\/voyages\/wp-json\/wp\/v2\/product_cat?post=8279"},{"taxonomy":"product_tag","embeddable":true,"href":"https:\/\/safabhe.com\/voyages\/wp-json\/wp\/v2\/product_tag?post=8279"}],"curies":[{"name":"wp","href":"https:\/\/api.w.org\/{rel}","templated":true}]}}